{"id":53,"date":"2016-04-03T20:12:01","date_gmt":"2016-04-03T23:12:01","guid":{"rendered":"http:\/\/ssbb.ch\/?page_id=53"},"modified":"2016-04-03T20:21:22","modified_gmt":"2016-04-03T23:21:22","slug":"historia-do-livro","status":"publish","type":"page","link":"https:\/\/ssbb.ch\/index.php\/a-saga-dos-suicos-no-brasil-4\/historia-do-livro\/","title":{"rendered":"Hist\u00f3ria do livro"},"content":{"rendered":"<p><img loading=\"lazy\" decoding=\"async\" class=\"alignnone size-full wp-image-56 aligncenter\" src=\"http:\/\/ssbb.ch\/wp-content\/uploads\/2016\/04\/capa.jpg\" alt=\"capa\" width=\"98\" height=\"128\" \/><\/p>\n<p><strong>A hist\u00f3ria da origem do livro<\/strong><\/p>\n<p>A hist\u00f3ria do livro sobre \u201cA Saga dos Su\u00ed\u00e7os no Brasil\u201d tem in\u00edcio no final dos anos 80. Na Su\u00ed\u00e7a come\u00e7avam os preparativos para as comemora\u00e7\u00f5es dos 700 anos da Confedera\u00e7\u00e3o Helv\u00e9tica. O ano do jubileu, 1991, foi festejado em todos os Cant\u00f5es da Su\u00ed\u00e7a e os su\u00ed\u00e7os residentes no exterior tamb\u00e9m foram conclamados a participar.<br \/>\nOTTO SCH\u00c4EPPI, o ent\u00e3o presidente da Sociedade Su\u00ed\u00e7a de Benefic\u00eancia da Bahia &#8211;<br \/>\nSSBB, quis, com a elabora\u00e7\u00e3o de um livro sobre a hist\u00f3ria dos su\u00ed\u00e7os na Bahia, trazer uma<br \/>\ncontribui\u00e7\u00e3o patri\u00f3tica \u00e0s comemora\u00e7\u00f5es e come\u00e7ou, ent\u00e3o, com a ajuda do fot\u00f3grafo<br \/>\nBRUNO FURRER, a p\u00f4r em pr\u00e1tica a id\u00e9ia. Contou com o apoio de seus compatriotas na Bahia, entre esses o m\u00fasico e internacionalmente conhecido compositor ERNST WIDMER, que planejava escrever uma grandiosa pe\u00e7a para a comemora\u00e7\u00e3o dos setecentos anos da Confedera\u00e7\u00e3o Helv\u00e9tica &#8211; um empreendimento que, infelizmente, n\u00e3o conseguiu finalizar, pois, ap\u00f3s um breve per\u00edodo gravemente doente, veio a falecer na Su\u00ed\u00e7a, em janeiro de 1990.<br \/>\nEm 10 de abril de 1990, acontece a primeira reuni\u00e3o de diretoria sobre a obra, na qual BRUNO FURRER apresenta um or\u00e7amento inicial dos custos. Logo evidenciou-se o grande interesse que o livro despertava e a exist\u00eancia de farto material tamb\u00e9m fora da Bahia. Em novembro de 1990, decidiu-se, com o apoio da Embaixada Su\u00ed\u00e7a, estender o projeto para todo o Brasil.<\/p>\n<p>Em 10 de julho de 1991, \u00e9 assinado um contrato com Bruno Furrer com o encargo de finalizar o livro at\u00e9 dezembro daquele ano. Ativamente apoiado por sua esposa Gard\u00eania, come\u00e7ou a reunir textos e material fotogr\u00e1fico e viaja por todo o Brasil, em busca de pegadas deixadas pelos imigrantes su\u00ed\u00e7os. Verificou-se, contudo, a impossibilidade de realizar a publica\u00e7\u00e3o no prazo previsto, em fun\u00e7\u00e3o da amplitude do material encontrado e, em 1992, procurou-se o apoio de um historiador para a reda\u00e7\u00e3o do texto. Este n\u00e3o apresentou os resultados prometidos, permanecendo o trabalho, durante muitos meses, sem andamento. Em 1993, por um feliz acaso, contactou-se o historiador WALDIR FREITAS OLIVEIRA, professor aposentado da Universidade Federal da Bahia &#8211; UFBA, para dar prosseguimento \u00e0 obra. Engajado e com entusiasmo, o professor Waldir desenvolve o trabalho e, em 21 de mar\u00e7o de 1995, sob dire\u00e7\u00e3o da SSBB, foi aprovada a edi\u00e7\u00e3o-teste de um exemplar do livro \u201cA SAGA DOS SU\u00cd\u00c7OS NO BRASIL\u201d. Em seguida, foram feitas vers\u00f5es para as l\u00ednguas alem\u00e3, francesa e inglesa, e revisado o texto na l\u00edngua portuguesa.<\/p>\n<p>O presidente Urs Joho, que se retirava para fixar resid\u00eancia nos Estados Unidos, se ofereceu para organizar a edi\u00e7\u00e3o do livro naquele pa\u00eds. Assim, recebeu de Bruno Furrer completo material fotogr\u00e1fico e a edi\u00e7\u00e3o-teste e os enviou, junto com seus pertences, num container, para os Estados Unidos. Isso demonstrou ter sido um erro fatal: o material perdeu-se no caminho e o projeto sofreu um terr\u00edvel retrocesso. Apesar da esperan\u00e7a em localizar o material, n\u00e3o existia mais nada! Grande parte do material fotogr\u00e1fico n\u00e3o p\u00f4de ser recuperada e a frustra\u00e7\u00e3o paralisou a evolu\u00e7\u00e3o da obra. N\u00e3o obstante as v\u00e1rias tentativas de recome\u00e7o, n\u00e3o se conseguia concluir o trabalho iniciado. Somente em 2005, toma o projeto a dire\u00e7\u00e3o certa, por iniciativa de M\u00e4ndu Stauffer. Este, com Ulrich Sturzenegger, re\u00fane o material dispon\u00edvel, e ambos encontram-se com o professor Waldir Oliveira, que reconstr\u00f3i o texto anterior, revisando o. Outros membros da Sociedade Su\u00ed\u00e7a engajam-se no trabalho com otimismo, e fica decidido lan\u00e7ar o livro em 2007, por ocasi\u00e3o do jubileu dos 150 anos da SSBB.<br \/>\nO projeto original, um livro em diversas l\u00ednguas, \u00e9 reduzido a uma edi\u00e7\u00e3o em portugu\u00eas e seu formato adaptado \u00e0 realidade atual. Contudo, n\u00e3o fica descartada a possibilidade de, no futuro, efetuar-se a publica\u00e7\u00e3o nas l\u00ednguas alem\u00e3 e francesa.<br \/>\nEsta obra n\u00e3o tem a pretens\u00e3o de documentar todo o universo de su\u00ed\u00e7os no Brasil. \u00c9 um documento hist\u00f3rico que d\u00e1 uma vis\u00e3o geral sobre a vida e atua\u00e7\u00e3o dos peregrinos su\u00ed\u00e7os, especificamente no per\u00edodo de 1557 a 1945, e tem como objetivo servir de conhecimento<br \/>\npara a gera\u00e7\u00e3o atual e permanecer conservado para as gera\u00e7\u00f5es futuras.<br \/>\nLeila Jezler<\/p>\n<p>10 de Outubro 2007<\/p>\n","protected":false},"excerpt":{"rendered":"<p>A hist\u00f3ria da origem do livro A hist\u00f3ria do livro sobre \u201cA Saga dos Su\u00ed\u00e7os no Brasil\u201d tem in\u00edcio no final dos anos 80. Na Su\u00ed\u00e7a come\u00e7avam os preparativos para as comemora\u00e7\u00f5es dos 700 anos da Confedera\u00e7\u00e3o Helv\u00e9tica. O ano do jubileu, 1991, foi festejado em todos os Cant\u00f5es da Su\u00ed\u00e7a e os su\u00ed\u00e7os residentes <a class=\"read-more\" href=\"https:\/\/ssbb.ch\/index.php\/a-saga-dos-suicos-no-brasil-4\/historia-do-livro\/\">[&hellip;]<\/a><\/p>\n","protected":false},"author":2,"featured_media":0,"parent":47,"menu_order":0,"comment_status":"closed","ping_status":"closed","template":"","meta":{"footnotes":""},"class_list":["post-53","page","type-page","status-publish","hentry"],"_links":{"self":[{"href":"https:\/\/ssbb.ch\/index.php\/wp-json\/wp\/v2\/pages\/53","targetHints":{"allow":["GET"]}}],"collection":[{"href":"https:\/\/ssbb.ch\/index.php\/wp-json\/wp\/v2\/pages"}],"about":[{"href":"https:\/\/ssbb.ch\/index.php\/wp-json\/wp\/v2\/types\/page"}],"author":[{"embeddable":true,"href":"https:\/\/ssbb.ch\/index.php\/wp-json\/wp\/v2\/users\/2"}],"replies":[{"embeddable":true,"href":"https:\/\/ssbb.ch\/index.php\/wp-json\/wp\/v2\/comments?post=53"}],"version-history":[{"count":2,"href":"https:\/\/ssbb.ch\/index.php\/wp-json\/wp\/v2\/pages\/53\/revisions"}],"predecessor-version":[{"id":63,"href":"https:\/\/ssbb.ch\/index.php\/wp-json\/wp\/v2\/pages\/53\/revisions\/63"}],"up":[{"embeddable":true,"href":"https:\/\/ssbb.ch\/index.php\/wp-json\/wp\/v2\/pages\/47"}],"wp:attachment":[{"href":"https:\/\/ssbb.ch\/index.php\/wp-json\/wp\/v2\/media?parent=53"}],"curies":[{"name":"wp","href":"https:\/\/api.w.org\/{rel}","templated":true}]}}

História do livro

<p><img loading="lazy" decoding="async" class="alignnone size-full wp-image-56 aligncenter" src="http://ssbb.ch/wp-content/uploads/2016/04/capa.jpg" alt="capa" width="98" height="128" /></p>
<p><strong>A história da origem do livro</strong></p>
<p>A história do livro sobre “A Saga dos Suíços no Brasil” tem início no final dos anos 80. Na Suíça começavam os preparativos para as comemorações dos 700 anos da Confederação Helvética. O ano do jubileu, 1991, foi festejado em todos os Cantões da Suíça e os suíços residentes no exterior também foram conclamados a participar.<br />
OTTO SCHÄEPPI, o então presidente da Sociedade Suíça de Beneficência da Bahia &#8211;<br />
SSBB, quis, com a elaboração de um livro sobre a história dos suíços na Bahia, trazer uma<br />
contribuição patriótica às comemorações e começou, então, com a ajuda do fotógrafo<br />
BRUNO FURRER, a pôr em prática a idéia. Contou com o apoio de seus compatriotas na Bahia, entre esses o músico e internacionalmente conhecido compositor ERNST WIDMER, que planejava escrever uma grandiosa peça para a comemoração dos setecentos anos da Confederação Helvética &#8211; um empreendimento que, infelizmente, não conseguiu finalizar, pois, após um breve período gravemente doente, veio a falecer na Suíça, em janeiro de 1990.<br />
Em 10 de abril de 1990, acontece a primeira reunião de diretoria sobre a obra, na qual BRUNO FURRER apresenta um orçamento inicial dos custos. Logo evidenciou-se o grande interesse que o livro despertava e a existência de farto material também fora da Bahia. Em novembro de 1990, decidiu-se, com o apoio da Embaixada Suíça, estender o projeto para todo o Brasil.</p>
<p>Em 10 de julho de 1991, é assinado um contrato com Bruno Furrer com o encargo de finalizar o livro até dezembro daquele ano. Ativamente apoiado por sua esposa Gardênia, começou a reunir textos e material fotográfico e viaja por todo o Brasil, em busca de pegadas deixadas pelos imigrantes suíços. Verificou-se, contudo, a impossibilidade de realizar a publicação no prazo previsto, em função da amplitude do material encontrado e, em 1992, procurou-se o apoio de um historiador para a redação do texto. Este não apresentou os resultados prometidos, permanecendo o trabalho, durante muitos meses, sem andamento. Em 1993, por um feliz acaso, contactou-se o historiador WALDIR FREITAS OLIVEIRA, professor aposentado da Universidade Federal da Bahia &#8211; UFBA, para dar prosseguimento à obra. Engajado e com entusiasmo, o professor Waldir desenvolve o trabalho e, em 21 de março de 1995, sob direção da SSBB, foi aprovada a edição-teste de um exemplar do livro “A SAGA DOS SUÍÇOS NO BRASIL”. Em seguida, foram feitas versões para as línguas alemã, francesa e inglesa, e revisado o texto na língua portuguesa.</p>
<p>O presidente Urs Joho, que se retirava para fixar residência nos Estados Unidos, se ofereceu para organizar a edição do livro naquele país. Assim, recebeu de Bruno Furrer completo material fotográfico e a edição-teste e os enviou, junto com seus pertences, num container, para os Estados Unidos. Isso demonstrou ter sido um erro fatal: o material perdeu-se no caminho e o projeto sofreu um terrível retrocesso. Apesar da esperança em localizar o material, não existia mais nada! Grande parte do material fotográfico não pôde ser recuperada e a frustração paralisou a evolução da obra. Não obstante as várias tentativas de recomeço, não se conseguia concluir o trabalho iniciado. Somente em 2005, toma o projeto a direção certa, por iniciativa de Mändu Stauffer. Este, com Ulrich Sturzenegger, reúne o material disponível, e ambos encontram-se com o professor Waldir Oliveira, que reconstrói o texto anterior, revisando o. Outros membros da Sociedade Suíça engajam-se no trabalho com otimismo, e fica decidido lançar o livro em 2007, por ocasião do jubileu dos 150 anos da SSBB.<br />
O projeto original, um livro em diversas línguas, é reduzido a uma edição em português e seu formato adaptado à realidade atual. Contudo, não fica descartada a possibilidade de, no futuro, efetuar-se a publicação nas línguas alemã e francesa.<br />
Esta obra não tem a pretensão de documentar todo o universo de suíços no Brasil. É um documento histórico que dá uma visão geral sobre a vida e atuação dos peregrinos suíços, especificamente no período de 1557 a 1945, e tem como objetivo servir de conhecimento<br />
para a geração atual e permanecer conservado para as gerações futuras.<br />
Leila Jezler</p>
<p>10 de Outubro 2007</p>

<p>A história da origem do livro A história do livro sobre “A Saga dos Suíços no Brasil” tem início no final dos anos 80. Na Suíça começavam os preparativos para as comemorações dos 700 anos da Confederação Helvética. O ano do jubileu, 1991, foi festejado em todos os Cantões da Suíça e os suíços residentes <a class="read-more" href="https://ssbb.ch/index.php/a-saga-dos-suicos-no-brasil-4/historia-do-livro/">[&hellip;]</a></p>
