{"id":47,"date":"2016-04-03T20:06:21","date_gmt":"2016-04-03T23:06:21","guid":{"rendered":"http:\/\/ssbb.ch\/?page_id=47"},"modified":"2016-04-03T20:20:09","modified_gmt":"2016-04-03T23:20:09","slug":"a-saga-dos-suicos-no-brasil-4","status":"publish","type":"page","link":"https:\/\/ssbb.ch\/index.php\/a-saga-dos-suicos-no-brasil-4\/","title":{"rendered":"\u201cA Saga dos Su\u00ed\u00e7os no Brasil\u201d"},"content":{"rendered":"<p><strong><img loading=\"lazy\" decoding=\"async\" class=\"size-full wp-image-56 aligncenter\" src=\"http:\/\/ssbb.ch\/wp-content\/uploads\/2016\/04\/capa.jpg\" alt=\"capa\" width=\"98\" height=\"128\" \/>\u00a0\u00a0<\/strong><\/p>\n<p><strong>A Saga dos Su\u00ed\u00e7os no Brasil<\/strong>, de autoria do Prof. Waldir Freitas Oliveira, descreve a emigra\u00e7\u00e3o su\u00ed\u00e7a no Brasil em quatro per\u00edodos: no Brasil Col\u00f4nia, de 1557 a 1815, no Brasil do Reino Unido de Portugal, de 1815 a 1822, no Brasil Imp\u00e9rio, de 1822 a 1889, e no Brasil Rep\u00fablica, de 1889 a 1945.<\/p>\n<p><strong>Tamanho<\/strong>: 20 x 26cm, 125 p\u00e1ginas<br \/>\n<strong>Capa<\/strong>: Impress\u00e3o em 4 cores<br \/>\n<strong>Miolo\/impress\u00e3o:<\/strong>\u00a0Impress\u00e3o em preto<br \/>\n<strong>Acabamento:<\/strong>\u00a0Capa plastificada com lombada quadrada e orelhas<br \/>\n<strong>Lan\u00e7amento:<\/strong>\u00a0Agosto 2007<br \/>\n<strong>Tiragem:<\/strong>\u00a04.000 ex.<br \/>\n<strong>Editora\u00e7\u00e3o:<\/strong>\u00a0Letradagua<br \/>\n<strong>Imagem da capa:<\/strong>\u00a0Georges Rechberger \u2013\u00a0<a href=\"http:\/\/www.georgesrechberger.com\/\">www.georgesrechberger.com<\/a><br \/>\n<strong>Coordena\u00e7\u00e3o do projeto:<\/strong>\u00a0M\u00e4ndu Stauffer<\/p>\n","protected":false},"excerpt":{"rendered":"<p>\u00a0\u00a0 A Saga dos Su\u00ed\u00e7os no Brasil, de autoria do Prof. Waldir Freitas Oliveira, descreve a emigra\u00e7\u00e3o su\u00ed\u00e7a no Brasil em quatro per\u00edodos: no Brasil Col\u00f4nia, de 1557 a 1815, no Brasil do Reino Unido de Portugal, de 1815 a 1822, no Brasil Imp\u00e9rio, de 1822 a 1889, e no Brasil Rep\u00fablica, de 1889 a <a class=\"read-more\" href=\"https:\/\/ssbb.ch\/index.php\/a-saga-dos-suicos-no-brasil-4\/\">[&hellip;]<\/a><\/p>\n","protected":false},"author":2,"featured_media":0,"parent":0,"menu_order":0,"comment_status":"closed","ping_status":"closed","template":"","meta":{"footnotes":""},"class_list":["post-47","page","type-page","status-publish","hentry"],"_links":{"self":[{"href":"https:\/\/ssbb.ch\/index.php\/wp-json\/wp\/v2\/pages\/47","targetHints":{"allow":["GET"]}}],"collection":[{"href":"https:\/\/ssbb.ch\/index.php\/wp-json\/wp\/v2\/pages"}],"about":[{"href":"https:\/\/ssbb.ch\/index.php\/wp-json\/wp\/v2\/types\/page"}],"author":[{"embeddable":true,"href":"https:\/\/ssbb.ch\/index.php\/wp-json\/wp\/v2\/users\/2"}],"replies":[{"embeddable":true,"href":"https:\/\/ssbb.ch\/index.php\/wp-json\/wp\/v2\/comments?post=47"}],"version-history":[{"count":4,"href":"https:\/\/ssbb.ch\/index.php\/wp-json\/wp\/v2\/pages\/47\/revisions"}],"predecessor-version":[{"id":60,"href":"https:\/\/ssbb.ch\/index.php\/wp-json\/wp\/v2\/pages\/47\/revisions\/60"}],"wp:attachment":[{"href":"https:\/\/ssbb.ch\/index.php\/wp-json\/wp\/v2\/media?parent=47"}],"curies":[{"name":"wp","href":"https:\/\/api.w.org\/{rel}","templated":true}]}}

“A Saga dos Suíços no Brasil”

<p><strong><img loading="lazy" decoding="async" class="size-full wp-image-56 aligncenter" src="http://ssbb.ch/wp-content/uploads/2016/04/capa.jpg" alt="capa" width="98" height="128" />  </strong></p>
<p><strong>A Saga dos Suíços no Brasil</strong>, de autoria do Prof. Waldir Freitas Oliveira, descreve a emigração suíça no Brasil em quatro períodos: no Brasil Colônia, de 1557 a 1815, no Brasil do Reino Unido de Portugal, de 1815 a 1822, no Brasil Império, de 1822 a 1889, e no Brasil República, de 1889 a 1945.</p>
<p><strong>Tamanho</strong>: 20 x 26cm, 125 páginas<br />
<strong>Capa</strong>: Impressão em 4 cores<br />
<strong>Miolo/impressão:</strong> Impressão em preto<br />
<strong>Acabamento:</strong> Capa plastificada com lombada quadrada e orelhas<br />
<strong>Lançamento:</strong> Agosto 2007<br />
<strong>Tiragem:</strong> 4.000 ex.<br />
<strong>Editoração:</strong> Letradagua<br />
<strong>Imagem da capa:</strong> Georges Rechberger – <a href="http://www.georgesrechberger.com/">www.georgesrechberger.com</a><br />
<strong>Coordenação do projeto:</strong> Mändu Stauffer</p>

<p>   A Saga dos Suíços no Brasil, de autoria do Prof. Waldir Freitas Oliveira, descreve a emigração suíça no Brasil em quatro períodos: no Brasil Colônia, de 1557 a 1815, no Brasil do Reino Unido de Portugal, de 1815 a 1822, no Brasil Império, de 1822 a 1889, e no Brasil República, de 1889 a <a class="read-more" href="https://ssbb.ch/index.php/a-saga-dos-suicos-no-brasil-4/">[&hellip;]</a></p>
